e 13, what is -2 + 400?
3cb
In base 16, what is 0 + 17?
17
In base 10, what is 299 - 3?
296
In base 16, what is fd7 + -5?
fd2
In base 16, what is -dc - 2?
-de
In base 9, what is -1264 + -2?
-1266
In base 12, what is -7 + -34b?
-356
In base 10, what is 1836 + -2?
1834
In base 15, what is 3 + 1?
4
In base 6, what is 4 - -553?
1001
In base 15, what is 34 - -1?
35
In base 13, what is 3 + 91?
94
In base 10, what is 235 - -5?
240
In base 5, what is 20 + 12104?
12124
In base 10, what is 405 + 5?
410
In base 9, what is 68 + -7?
61
In base 14, what is -24 + 11?
-13
In base 13, what is -25 - 6?
-2b
In base 8, what is -306 + 4?
-302
In base 9, what is -22432 - -5?
-22426
In base 3, what is -10022 - -10212?
120
In base 16, what is 3 - 3a?
-37
In base 4, what is 23120 + 11?
23131
In base 6, what is -20 - -1?
-15
In base 14, what is 1 + 9c?
9d
In base 6, what is -35 + 155?
120
In base 15, what is -2 + b7?
b5
In base 10, what is 133 + 69?
202
In base 10, what is 102 - 3?
99
In base 15, what is 18 + a?
23
In base 14, what is -3 - 7?
-a
In base 4, what is -320 - 2?
-322
In base 6, what is 234 - 3?
231
In base 10, what is 465 - -4?
469
In base 9, what is 1423 + 4?
1427
In base 8, what is -4 + -2?
-6
In base 14, what is 65 + -2?
63
In base 15, what is -c - 15c?
-169
In base 11, what is 1 + -6a?
-69
In base 13, what is 6970 - -2?
6972
In base 13, what is -154 + -5a?
-1b1
In base 7, what is 11 - -15?
26
In base 16, what is -f + -29?
-38
In base 12, what is 70 - 1b?
51
In base 13, what is -5 + -302?
-307
In base 12, what is 3 + -1858?
-1855
In base 13, what is -4 + 46?
42
In base 14, what is 7 + 178?
181
In base 4, what is -2010 + 221?
-1123
In base 8, what is 62 + -102?
-20
In base 11, what is 50 - 0?
50
In base 11, what is -4 + -2659?
-2662
In base 8, what is 2 - 140?
-136
In base 8, what is -333 - -5?
-326
In base 13, what is 59 - 1?
58
In base 10, what is 0 - 154?
-154
In base 6, what is -3 + -3?
-10
In base 11, what is 127 + 5?
131
In base 11, what is 207 - 32?
185
In base 7, what is 2 + -3225?
-3223
In base 14, what is -4 - -45?
41
In base 11, what is -1 - -86?
85
In base 5, what is -3 + -304233?
-304241
In base 7, what is -4 + -26?
-33
In base 11, what is 1975 + -3?
1972
In base 4, what is -113 - -11?
-102
In base 16, what is 1 - -2c?
2d
In base 15, what is -4 - 17?
-1b
In base 13, what is -1cc64 - -1?
-1cc63
In base 6, what is -55 - 14?
-113
In base 8, what is -20 + 2025?
2005
In base 9, what is -7827 - 1?
-7828
In base 7, what is -3 - -112?
106
In base 10, what is -257 - -14?
-243
In base 16, what is -1fa + -14?
-20e
In base 7, what is -5 + -5400?
-5405
In base 9, what is -17 - -54?
36
In base 4, what is 10 + 10?
20
In base 16, what is 4 + 76?
7a
In base 6, what is -515 - 1?
-520
In base 14, what is -53 + -23?
-76
In base 10, what is -1632 + -12?
-1644
In base 3, what is 2 + -1200200?
-1200121
In base 7, what is 24 - -340?
364
In base 14, what is 2 + -d4?
-d2
In base 9, what is -3 + -103?
-106
In base 16, what is 2 + -fc?
-fa
In base 3, what is 1 + -1012?
-1011
In base 15, what is 3 - 2?
1
In base 4, what is -10 - 20?
-30
In base 2, what is -1001001110100 - 1?
-1001001110101
In base 15, what is -292 + 4?
-28d
In base 7, what is -50 - 1?
-51
In base 11, what is 29 - -a08?
a36
In base 14, what is -5928 + -4?
-592c
In base 16, what is dd - 0?
dd
In base 9, what is -1 + 1810?
1808
In base 12, what is 207a + 0?
207a
In base 7, what is 132 + 2?
134
In base 10, what is -12 + -3?
-15
In base 14, what is -33 - -c1?
8c
In base 11, what is 135 + 1?
136
In base 10, what is 2352 + 2?
2354
In base 15, what is -1b3d + -2?
-1b40
In base 11, what is -a4 + 0?
-a4
In base 4, what is -32 - 0?
-32
In base 9, what is 10 - 1?
8
In base 11, what is -1 + -202?
-203
In base 12, what is -18 + -2?
-1a
In base 3, what is -20 + 10021?
10001
In base 12, what is -4b - 4?
-53
In base 13, what is -51 + 17?
-37
In base 2, what is -11 + -1101111?
-1110010
In base 16, what is -2dc - -2?
-2da
In base 8, what is -17 + -210?
-227
In base 14, what is -276 + -1?
-277
In base 16, what is -91c + 5?
-917
In base 7, what is 51305 - -2?
51310
In base 15, what is 11 + 9?
1a
In base 12, what is -1b + -6b?
-8a
In base 8, what is -71 - 54?
-145
In base 6, what is -21 + -414?
-435
In base 11, what is 247 + 1?
248
In base 10, what is 0 - 951?
-951
In base 9, what is -7 + 132?
124
In base 8, what is 145 + 6?
153
In base 9, what is 3 + 41?
44
In base 15, what is 18 - 4?
14
In base 9, what is 5 + 3767?
3773
In base 4, what is 31 - -200?
231
In base 10, what is -62 - 92?
-154
In base 10, what is -13 - -80?
67
In base 3, what is -122 - -1210111?
1202212
In base 15, what is 271 - -4?
275
In base 10, what is 14 + 20?
34
In base 13, what is -502 - -9?
-4c6
In base 5, what is -2 + 2040?
2033
In base 12, what is 7a6 + 4?
7aa
In base 5, what is -124 - -4?
-120
In base 8, what is -45 - -5?
-40
In base 6, what is 2211 + -34?
2133
In base 4, what is 1000223 - 11?
1000212
In base 3, what is -20021 + 1000?
-12021
In base 2, what is -11011 + -10111010?
-11010101
In base 8, what is -7 - -3024?
3015
In base 9, what is 244 + 2?
246
In base 10, what is -185 + 3?
-182
In base 13, what is -2 - -1c?
1a
In base 15, what is -1 + 22?
21
In base 8, what is -1 + 35?
34
In base 8, what is 64 - -20?
104
In base 14, what is -6ca - 4?
-6d0
In base 14, what is 3 + 5d5?
5d8
In base 2, what is -1101101 + 1000?
-1100101
In base 8, what is 2607 - 4?
2603
In base 9, what is -42 + -2?
-44
In base 11, what is -4 - 1?
-5
In base 8, what is -3 + -126?
-131
In base 12, what is -3 - -37?
34
In base 16, what is -8 + -52a?
-532
In base 3, what is 12201 - 1?
12200
In base 3, what is -12 + 101111?
101022
In base 7, what is -212 + 5?
-204
In base 7, what is -156264 - 0?
-156264
In base 9, what is -182 + 12?
-170
In base 15, what is 0 + -7c3?
-7c3
In base 12, what is 32 + 1?
33
In base 5, what is 3 - -12444?
13002
In base 5, what is -42103 - -4?
-42044
In base 7, what is 0 + 4226?
4226
In base 11, what is -461 + 2?
-45a
In base 3, what is 11210 + -20?
11120
In base 16, what is -1 - -37b?
37a
In base 9, what is -1342 - -1?
-1341
In base 8, what is 53313 - 0?
53313
In base 5, what is 3 - -121?
124
In base 12, what is 10 - 1b?
-b
In base 11, what is 70 + 12?
82
In base 6, what is -2 + 4520?
4514
In base 9, what is -2 - -88?
86
In base 3, what is -101 + 102?
1
In base 7, what is -3 + -35?
-41
In base 4, what is -32 + -123?
-221
In base 12, what is 38 + -b?
29
In base 5, what is -24 - 41?
-120
In base 15, what is -9 - -173?
169
In base 3, what is 0 + 120?
120
In base 13, what is -1ac5 - -1?
-1ac4
In base 12, what is -b0 - 1a?
-10a
In base 10, what is -1 + -15?
-16
In base 16, what is 8ca + 0?
8ca
In base 5, what is -4 + -233?
-242
In base 5, what is 1224 - -114?
1343
In base 9, what is 255 + -2?
253
In base 16, what is -8d + 4?
-89
In base 16, what is -4 - -24?
20
In base 3, what is 20200122 - 11?
20200111
In base 14, what is -24 + -219?
-23d
In base 4, what is 3313121 - 11?
3313110
In base 15, what is 682 - 0?
682
In base 12, what is 8 - 1a?
-12
In base 13, what is -47 + -30?
-77
In base 5, what is 22 - 2?
20
In base 8, what is -1 - 47?
-50
In base 16, what is 72 + 13?
85
In base 13, what is 5 + 14?
19
In base 5, what is -3243 - 13?
-3311
In base 16, what is -3c - -11?
-2b
In base 4, what is -12211 - 2?
-12213
In base 10, what is -21 + -16?
-37
In base 6, what is 31 - 44?
-13
In base 6, what is -10111 + 1?
-10110
In base 6, what is 2541 - 4?
2533
In base 8, what is -2175 + -3?
-2200
In base 6, what is 33 - -23?
100
In base 11, what is -11 - -13?
2
In base 10, what is -5 - 90?
-95
In base 15, what is 4 - 1c64?
-1c60
In base 14, what is -33 + -5c?
-91
In base 11, what is a - -40?
4a
In base 11, what is -5 - -25?
20
In base 13, what is 1 + -30?
-2c
In base 16, what is -5 + 6a?
65
In base 7, what is 65 - 1?
64
In base 3, what is -2 + -212?
-221
In base 16, what is 136 + 17?
14d
In base 7, what is -1 - -403?
402
In base 2, what is 1001100 - 11001?
110011
In base 8, what is -7 + 54?
45
In base 8, what is 1 - 101?
-100
In base 5, what is -1433 + 10?
-1423
In base 16, what is -1 - -e4?
e3
In base 4, what is 20 + -20202?
-20122
In base 13, what is 3 - 1745?
-1742
In base 5, what is 34 + -3034?
-3000
In base 7, what is 442 + 40?
512
In base 10, what is -2 + -500?
-50